 and n.
13
Let d = 68 + -36. Suppose -5*l + 5 = 0, 2*n + 5*l = -n + d. What is the greatest common divisor of 9 and n?
9
Suppose 0 = x - 25 + 14. Suppose 3*a = a + 2*q + 206, -a = q - 95. What is the greatest common factor of x and a?
11
Let t be 2/11 + (-5240)/(-220). Calculate the highest common divisor of t and 420.
12
Suppose 0 = -4*p + 6*p - 44. Let c = -16 + 16. Let o be (c - 1)/(4/(-44)). What is the highest common factor of o and p?
11
Let a(o) = 39 + 35 + 3*o - 65. Let b be a(3). Suppose 6*s + 5*z = s + 115, -3*s + z = -49. Calculate the greatest common factor of s and b.
18
Let l(q) be the second derivative of q**3/3 + q**2/2 - 3*q. Let y be l(1). Suppose 36 = -y*b + 6*b. What is the highest common divisor of 8 and b?
4
Let w = 5 - 1. Let r be 7 - (0 + (w - 3)). Suppose -j + 3*s = 2*j - r, 5*j - 4*s - 14 = 0. What is the highest common divisor of j and 66?
6
Suppose 3*i + i - 4 = 0. Let j be 0*((-4)/8)/i. Suppose -3*f = 3*b + 2 - 14, j = -f - 3*b. What is the highest common factor of 3 and f?
3
Suppose 0 = 69*t - 79*t + 1870. What is the highest common divisor of 77 and t?
11
Let i = 1853 - 1741. What is the greatest common factor of 128 and i?
16
Suppose -5*x + 15 = -135. Let z be (-60)/(-55)*319/58. What is the greatest common divisor of x and z?
6
Suppose 2*j = -j + 72. What is the greatest common divisor of 648 and j?
24
Suppose 2*c - 3*s = 34, -4*c + 20 + 36 = -3*s. Suppose d + c - 39 = 0. Calculate the greatest common factor of 42 and d.
14
Let t = 537 - 339. Let i(x) = -2*x**3 + 2*x**2 - 2. Let g be i(-2). Calculate the greatest common divisor of g and t.
22
Let m(n) = 69*n**2 + 7*n + 11. Let v be m(-2). Calculate the highest common divisor of v and 21.
21
Suppose 59 = n - 5*b, 3*n + 2*n - 266 = -4*b. Calculate the greatest common divisor of 414 and n.
18
Suppose 98 = 34*f - 106. Calculate the highest common factor of 9 and f.
3
Let x(s) = 5*s**2 - 3*s + 1. Let k be x(2). Let t(m) = 2*m + 11. Let c be t(-8). Let h be (c*1)/((-4)/108). What is the highest common divisor of k and h?
15
Suppose 0 = -3*y + 5*z + 304, -z - 382 = -4*y - 6*z. Let k be (-142)/(-10) + (-46)/230. Calculate the highest common divisor of y and k.
14
Let y = 12 - 2. Suppose 6*p - p = -2*z + 16, 3*z - p = 24. Let x(d) = 4*d - 12. Let s be x(z). Calculate the highest common divisor of s and y.
10
Suppose 1 - 9 = -4*g, -2*o + 4*g + 46 = 0. Calculate the highest common divisor of 3 and o.
3
Suppose 5*t + 0 - 5 = 0. Suppose -938*f + 941*f - 29 = -2*h, 5*f = -h + 39. Calculate the greatest common divisor of t and h.
1
Let o = 16 + -9. Let m(a) = -a**3 + 6*a**2 + 7*a + 6. Let j be m(o). What is the highest common factor of j and 2?
2
Let t = -43 - -70. Suppose -3*p + 153 = t. What is the greatest common divisor of 6 and p?
6
Let a = -36 + 56. Suppose 0 = h + 4*h + a. Let s be h/6 + 182/39. Calculate the highest common divisor of 36 and s.
4
Let j be 3/5*15 + 14. Suppose -8*c = -3*c + 20, -2*m + 306 = 4*c. What is the highest common divisor of j and m?
23
Let f be (-1)/((6 + (-530)/88)*2). What is the greatest common divisor of 121 and f?
11
Let k(q) = 2*q + 1. Let y be k(1). Suppose -9 = y*p, 58 = -3*c + 2*p - 62. Let d be (-8)/6*189/c. Calculate the greatest common factor of d and 18.
6
Let s(a) be the second derivative of -a**4/12 - a**3/3 + 12*a**2 + 7*a. Let b be s(0). What is the greatest common factor of 72 and b?
24
Let r be (2 - 69/(-9)) + 2/(-3). What is the greatest common factor of 144 and r?
9
Let v(g) = -g**2 - 10*g + 10. Let q be v(-10). Let s(p) = 2*p**3 + p**2 - p + 20. Let r be s(3). What is the greatest common divisor of r and q?
10
Let m be 419/2 - ((-170)/(-20))/(-17). Calculate the greatest common factor of 63 and m.
21
Let u(q) = -3*q**3 - 104*q**2 + 32*q - 80. Let k be u(-35). What is the greatest common divisor of k and 9?
1
Suppose -2816 = -79*t - 9*t. What is the highest common divisor of 336 and t?
16
Let t = -2747 + 2792. Suppose 5*d - 28 = 62. What is the greatest common divisor of d and t?
9
Let i be ((-172)/387)/(2/(-45)). Suppose 19 = 4*s - 1. Suppose -s*p = -99 + 24. What is the highest common factor of p and i?
5
Let k(t) = t**3 + 13*t**2 + 5*t + 68. Let b be k(-13). Calculate the greatest common factor of 69 and b.
3
Suppose 0 = i + 2*z - 196, 3*i - 8*i - z + 971 = 0. Let r = 386 - i. Calculate the greatest common factor of r and 24.
24
Let h(y) = -y + 4. Let m be h(0). Let g be 128/48 + m/(-6). Calculate the highest common divisor of 5 and g.
1
Suppose 16*z - 10 = 14*z. Suppose 0*v - 3*v + 69 = z*r, -5*r = 5*v - 115. What is the greatest common factor of v and 253?
23
Let x(v) = -8*v - 8. Suppose 5*f = -10, 4*f + 1 = -n - 3. Let c(r) = -3*r + 6. Let h be c(n). Let k be x(h). What is the greatest common divisor of 8 and k?
8
Let v be (3/5)/(5/50). Let i(s) = 2*s**2 - 6*s + 6. Let l be i(v). Calculate the highest common divisor of l and 14.
14
Let h = -371 + 393. Calculate the highest common divisor of h and 242.
22
Let y be 2/5 - (-5018)/130. What is the greatest common factor of y and 975?
39
Suppose 6*d + 129 = 423. Let k = -141 + 190. What is the greatest common divisor of d and k?
49
Let n be (35/21)/(1/3). Suppose 0 = 5*q + 4*m - 19 + 5, -n*q + 26 = m. Let t be (-120)/q*(-14)/8. Calculate the highest common factor of 5 and t.
5
Let v(w) = -2*w - 16. Let l be v(-14). Suppose 3*c - 3*i = 5*c - 25, 4*i = c - 40. What is the highest common divisor of c and l?
4
Suppose 2*h = -5*p + 7, -h + 12 - 11 = 5*p. Suppose 0*s - 6 = 3*s, 2*s + 76 = 4*n. Calculate the greatest common factor of n and h.
6
Suppose -4*x + 24*a + 18 = 23*a, 0 = -5*x + 2*a + 21. Let p be ((-6)/9)/(1/21). Let c = p + 24. Calculate the greatest common factor of c and x.
5
Let y be 1768/14 + (-304)/1064. Calculate the greatest common factor of 18 and y.
18
Suppose 8*v - 20*v + 1260 = 0. What is the greatest common factor of v and 30?
15
Suppose 6*d = 8 + 70. Calculate the highest common factor of 13 and d.
13
Let p be (((-176)/(-6))/(-11))/((-1)/33). Suppose 0 = -s + 3*v + 37, 0*v = -4*s - 4*v + 68. Calculate the greatest common factor of s and p.
22
Suppose 2*o + 20*n - 83 = 25*n, -o - 5*n + 19 = 0. Calculate the highest common factor of 102 and o.
34
Let x(h) = -57*h - 4. Let t be x(-2). Suppose 4*v + t = 2*c, v = -3*c + 4*v + 159. Suppose 59 + 9 = 4*b. What is the highest common divisor of b and c?
17
Let n be 6 - -2 - (-2 - -9). What is the highest common factor of n and 4?
1
Let b = 688 - 672. Let l = 255 - 111. Calculate the highest common factor of b and l.
16
Suppose 2*y + y + 4*q - 140 = 0, -2*y + 95 = q. Let f = y - 34. What is the greatest common factor of 14 and f?
14
Let c be (-108)/(-8)*2/3. Suppose 0 = -l + 2*l - 2*r - 5, -3*l - 5*r - 29 = 0. Let w be 9/5*(12 - l). Calculate the greatest common divisor of w and c.
9
Suppose -1 = 2*k - 9. Suppose 173 + 147 = k*p. Calculate the greatest common divisor of p and 10.
10
Let k = -191 + 299. What is the greatest common factor of 300 and k?
12
Suppose 448 - 2752 = -6*q. Suppose 5*j = 8*j - q. Calculate the highest common factor of j and 32.
32
Let h = 25 + -6. Suppose -i + 14 + h = 0. Suppose -j = 6 - i. Calculate the highest common factor of 189 and j.
27
Let h be (8/(-12))/(1/(-27)). Let n(k) be the third derivative of k**5/20 + 3*k**3 - 18*k**2. Let s be n(6). What is the highest common factor of s and h?
18
Let d be (-13)/(1001/(-14)) - 2286/(-11). Calculate the greatest common factor of d and 338.
26
Let v(m) = -2*m**3 + 52*m**2 + 71*m - 24. Let j be v(27). What is the highest common divisor of 30 and j?
15
Let o be (252/(-144))/(2/(-8)). What is the highest common divisor of o and 133?
7
Let c = 158 - -141. Calculate the highest common divisor of c and 208.
13
Let f be -2*(-2)/3*66. Let b = f - 61. Calculate the highest common divisor of 9 and b.
9
Let f(u) = u**3 + 13*u**2 - 4*u - 26. Let q be f(-13). Let i be ((-2)/(-2))/((-6)/(-78)). Calculate the highest common divisor of i and q.
13
Suppose -7 = 4*t - 11*t. Let l be 4/24 - (-15)/18. Let m be 2*l*(-3)/(-6). Calculate the greatest common divisor of t and m.
1
Let b(h) be the first derivative of -h**4/2 + 2*h**3 + h**2 - 44. Let k be b(-2). Calculate the highest common factor of 36 and k.
36
Let w be (2 - 24/10)/((-28)/1120). What is the greate